{"id":1933,"date":"2025-07-26T12:08:02","date_gmt":"2025-07-26T12:08:02","guid":{"rendered":"https:\/\/tallinnvista.ee\/peoruumide-galerii\/"},"modified":"2025-12-03T12:37:54","modified_gmt":"2025-12-03T12:37:54","slug":"galleria","status":"publish","type":"page","link":"https:\/\/tallinnvista.ee\/fi\/galleria\/","title":{"rendered":"Galleria"},"content":{"rendered":"\t\t<div data-elementor-type=\"wp-page\" data-elementor-id=\"1933\" class=\"elementor elementor-1933 elementor-1254\">\n\t\t\t\t<div class=\"elementor-element elementor-element-25ab4b36 e-flex e-con-boxed e-con e-parent\" data-id=\"25ab4b36\" data-element_type=\"container\" data-e-type=\"container\">\n\t\t\t\t\t<div class=\"e-con-inner\">\n\t\t<div class=\"elementor-element elementor-element-bc775f4 e-con-full e-flex e-con e-child\" data-id=\"bc775f4\" data-element_type=\"container\" data-e-type=\"container\">\n\t\t\t\t<div class=\"elementor-element elementor-element-68ffdca0 elementor-widget elementor-widget-text-editor\" data-id=\"68ffdca0\" data-element_type=\"widget\" data-e-type=\"widget\" data-widget_type=\"text-editor.default\">\n\t\t\t\t<div class=\"elementor-widget-container\">\n\t\t\t\t\t\t\t\t\t<h1 style=\"text-align: center;\">Vista of Old Town<\/h1><p style=\"text-align: center;\">Tallinnan vanhankaupungin Vista \u2013 kaupungin syd\u00e4men k\u00e4tketty helmi<\/p><p style=\"text-align: center;\">Historialliset juhlatilat, joista avautuu n\u00e4kym\u00e4 Raatihuoneentorille.<\/p><p style=\"text-align: center;\">Eksklusiivinen tarjoilu ryhmille ja unohtumattomat tilaisuudet historiallisessa tunnelmassa!<\/p>\t\t\t\t\t\t\t\t<\/div>\n\t\t\t\t<\/div>\n\t\t\t\t<\/div>\n\t\t<div class=\"elementor-element elementor-element-29109f8 e-con-full e-flex e-con e-child\" data-id=\"29109f8\" data-element_type=\"container\" data-e-type=\"container\">\n\t\t\t\t<div class=\"elementor-element elementor-element-1f46254c elementor-widget elementor-widget-image\" data-id=\"1f46254c\" data-element_type=\"widget\" data-e-type=\"widget\" data-widget_type=\"image.default\">\n\t\t\t\t<div class=\"elementor-widget-container\">\n\t\t\t\t\t\t\t\t\t\t\t\t\t\t\t<img decoding=\"async\" src=\"https:\/\/tallinnvista.ee\/wp-content\/uploads\/2025\/03\/Vista-1600x1200-5.jpg\" title=\"\" alt=\"\" loading=\"lazy\" \/>\t\t\t\t\t\t\t\t\t\t\t\t\t\t\t<\/div>\n\t\t\t\t<\/div>\n\t\t\t\t<\/div>\n\t\t\t\t\t<\/div>\n\t\t\t\t<\/div>\n\t\t<div class=\"elementor-element elementor-element-e04518a e-flex e-con-boxed e-con e-parent\" data-id=\"e04518a\" data-element_type=\"container\" data-e-type=\"container\">\n\t\t\t\t\t<div class=\"e-con-inner\">\n\t\t\t\t<div class=\"elementor-element elementor-element-ee086f4 elementor-widget elementor-widget-text-editor\" data-id=\"ee086f4\" data-element_type=\"widget\" data-e-type=\"widget\" data-widget_type=\"text-editor.default\">\n\t\t\t\t<div class=\"elementor-widget-container\">\n\t\t\t\t\t\t\t\t\t<h2 style=\"text-align: center;\">Galleria<\/h2><p style=\"text-align: center;\">Tutustu Vistan <span style=\"text-decoration: underline;\">tiloihin ja n\u00e4kymiin<\/span>. Juhlatilojen varaamista varten <span style=\"text-decoration: underline;\">ota meihin yhteytt\u00e4<\/span>.<\/p>\t\t\t\t\t\t\t\t<\/div>\n\t\t\t\t<\/div>\n\t\t\t\t\t<\/div>\n\t\t\t\t<\/div>\n\t\t<div class=\"elementor-element elementor-element-57d47a75 e-flex e-con-boxed e-con e-parent\" data-id=\"57d47a75\" data-element_type=\"container\" data-e-type=\"container\" data-settings=\"{&quot;background_background&quot;:&quot;classic&quot;}\">\n\t\t\t\t\t<div class=\"e-con-inner\">\n\t\t\t\t<div class=\"elementor-element elementor-element-7f848eff gallery-spacing-custom elementor-widget elementor-widget-image-gallery\" data-id=\"7f848eff\" data-element_type=\"widget\" data-e-type=\"widget\" data-widget_type=\"image-gallery.default\">\n\t\t\t\t<div class=\"elementor-widget-container\">\n\t\t\t\t\t\t\t<div class=\"elementor-image-gallery\">\n\t\t\t\t\t<\/div>\n\t\t\t\t\t\t<\/div>\n\t\t\t\t<\/div>\n\t\t\t\t\t<\/div>\n\t\t\t\t<\/div>\n\t\t\t\t<\/div>\n\t\t","protected":false},"excerpt":{"rendered":"<p>Vista of Old Town Tallinnan vanhankaupungin Vista \u2013 kaupungin syd\u00e4men k\u00e4tketty helmi Historialliset juhlatilat, joista avautuu n\u00e4kym\u00e4 Raatihuoneentorille. Eksklusiivinen tarjoilu ryhmille ja unohtumattomat tilaisuudet historiallisessa tunnelmassa! Galleria Tutustu Vistan tiloihin ja n\u00e4kymiin. Juhlatilojen varaamista varten ota meihin yhteytt\u00e4.<\/p>\n","protected":false},"author":2,"featured_media":1535,"parent":0,"menu_order":0,"comment_status":"closed","ping_status":"closed","template":"","meta":{"footnotes":""},"class_list":["post-1933","page","type-page","status-publish","has-post-thumbnail","hentry"],"blocksy_meta":[],"_links":{"self":[{"href":"https:\/\/tallinnvista.ee\/fi\/wp-json\/wp\/v2\/pages\/1933","targetHints":{"allow":["GET"]}}],"collection":[{"href":"https:\/\/tallinnvista.ee\/fi\/wp-json\/wp\/v2\/pages"}],"about":[{"href":"https:\/\/tallinnvista.ee\/fi\/wp-json\/wp\/v2\/types\/page"}],"author":[{"embeddable":true,"href":"https:\/\/tallinnvista.ee\/fi\/wp-json\/wp\/v2\/users\/2"}],"replies":[{"embeddable":true,"href":"https:\/\/tallinnvista.ee\/fi\/wp-json\/wp\/v2\/comments?post=1933"}],"version-history":[{"count":10,"href":"https:\/\/tallinnvista.ee\/fi\/wp-json\/wp\/v2\/pages\/1933\/revisions"}],"predecessor-version":[{"id":2123,"href":"https:\/\/tallinnvista.ee\/fi\/wp-json\/wp\/v2\/pages\/1933\/revisions\/2123"}],"wp:featuredmedia":[{"embeddable":true,"href":"https:\/\/tallinnvista.ee\/fi\/wp-json\/wp\/v2\/media\/1535"}],"wp:attachment":[{"href":"https:\/\/tallinnvista.ee\/fi\/wp-json\/wp\/v2\/media?parent=1933"}],"curies":[{"name":"wp","href":"https:\/\/api.w.org\/{rel}","templated":true}]}}

<div data-elementor-type="wp-page" data-elementor-id="1933" class="elementor elementor-1933 elementor-1254">
				<div class="elementor-element elementor-element-25ab4b36 e-flex e-con-boxed e-con e-parent" data-id="25ab4b36" data-element_type="container" data-e-type="container">
					<div class="e-con-inner">
		<div class="elementor-element elementor-element-bc775f4 e-con-full e-flex e-con e-child" data-id="bc775f4" data-element_type="container" data-e-type="container">
				<div class="elementor-element elementor-element-68ffdca0 elementor-widget elementor-widget-text-editor" data-id="68ffdca0" data-element_type="widget" data-e-type="widget" data-widget_type="text-editor.default">
				<div class="elementor-widget-container">
									<h1 style="text-align: center;">Vista of Old Town</h1><p style="text-align: center;">Tallinnan vanhankaupungin Vista – kaupungin sydämen kätketty helmi</p><p style="text-align: center;">Historialliset juhlatilat, joista avautuu näkymä Raatihuoneentorille.</p><p style="text-align: center;">Eksklusiivinen tarjoilu ryhmille ja unohtumattomat tilaisuudet historiallisessa tunnelmassa!</p>								</div>
				</div>
				</div>
		<div class="elementor-element elementor-element-29109f8 e-con-full e-flex e-con e-child" data-id="29109f8" data-element_type="container" data-e-type="container">
				<div class="elementor-element elementor-element-1f46254c elementor-widget elementor-widget-image" data-id="1f46254c" data-element_type="widget" data-e-type="widget" data-widget_type="image.default">
				<div class="elementor-widget-container">
															<img decoding="async" src="https://tallinnvista.ee/wp-content/uploads/2025/03/Vista-1600x1200-5.jpg" title="" alt="" loading="lazy" />															</div>
				</div>
				</div>
					</div>
				</div>
		<div class="elementor-element elementor-element-e04518a e-flex e-con-boxed e-con e-parent" data-id="e04518a" data-element_type="container" data-e-type="container">
					<div class="e-con-inner">
				<div class="elementor-element elementor-element-ee086f4 elementor-widget elementor-widget-text-editor" data-id="ee086f4" data-element_type="widget" data-e-type="widget" data-widget_type="text-editor.default">
				<div class="elementor-widget-container">
									<h2 style="text-align: center;">Galleria</h2><p style="text-align: center;">Tutustu Vistan <span style="text-decoration: underline;">tiloihin ja näkymiin</span>. Juhlatilojen varaamista varten <span style="text-decoration: underline;">ota meihin yhteyttä</span>.</p>								</div>
				</div>
					</div>
				</div>
		<div class="elementor-element elementor-element-57d47a75 e-flex e-con-boxed e-con e-parent" data-id="57d47a75" data-element_type="container" data-e-type="container" data-settings="{&quot;background_background&quot;:&quot;classic&quot;}">
					<div class="e-con-inner">
				<div class="elementor-element elementor-element-7f848eff gallery-spacing-custom elementor-widget elementor-widget-image-gallery" data-id="7f848eff" data-element_type="widget" data-e-type="widget" data-widget_type="image-gallery.default">
				<div class="elementor-widget-container">
							<div class="elementor-image-gallery">
					</div>
						</div>
				</div>
					</div>
				</div>
				</div>

<p>Vista of Old Town Tallinnan vanhankaupungin Vista – kaupungin sydämen kätketty helmi Historialliset juhlatilat, joista avautuu näkymä Raatihuoneentorille. Eksklusiivinen tarjoilu ryhmille ja unohtumattomat tilaisuudet historiallisessa tunnelmassa! Galleria Tutustu Vistan tiloihin ja näkymiin. Juhlatilojen varaamista varten ota meihin yhteyttä.</p>
